*w - 73 + u. What is the tens digit of w?
2
Let w(f) = -f**3 - 4*f**2 - 5*f - 3. Let l be w(-4). Let x = -15 + 7. Let o = l + x. What is the units digit of o?
9
Suppose -3*u = -0*u - 120. What is the tens digit of u?
4
Suppose 10*i = 7*i + 381. What is the hundreds digit of i?
1
Let w be 1 - 3 - 3*-2. Suppose 2*j - 45 = -x, w*x = -x + 25. What is the units digit of j?
0
Suppose -c - 50 = -5*h, -8*c = h - 4*c - 31. Let l be 2/11 - (-152)/h. What is the units digit of l - (2/1 + -4)?
6
What is the tens digit of (-1 - (-15)/(-5)) + 111?
0
Let p(j) = 14*j**2 + 2*j + 1. Let y(f) = f**2 + 4*f + 2. Let t be y(-3). What is the units digit of p(t)?
3
What is the units digit of 26 + 2*2/4?
7
Suppose 0 = y - 2*g - 6, -2*y - 2*g = 0. Suppose 5*h - 7 = -y. What is the units digit of h - (-6)/(-9)*-3?
3
Let a = 1 - -27. Let b = 2 + a. What is the tens digit of b?
3
Let h = -40 - -72. Suppose -2*m - 4*j + 72 = -0*m, 2*j + h = m. What is the units digit of m?
4
Suppose -4*r + 2*r = 0. Suppose r = -l + 2*l - 3*m - 27, 3*l - m = 49. What is the units digit of l?
5
Suppose -3*x + 6 + 12 = 0. What is the units digit of x?
6
Suppose -l - 2 = 5*r + 1, 15 = r - 5*l. Suppose 0 = -2*s + 66 + 16. Suppose -4*g - 3*z + 42 = r, -3*z = 5*g - 5*z - s. What is the units digit of g?
9
Suppose 4 = 4*h - 4. Suppose 0 = i + h + 8. What is the units digit of 6/4*i/(-3)?
5
Let p(k) = -k + 2. Let z(x) = x**3 + 8 + 6*x - 6*x + 4*x - 7*x**2. Let u be z(6). What is the units digit of p(u)?
6
Let c = 1 - -2. Suppose -4*k = c*t - 8*k - 16, -13 = -4*t - 3*k. Suppose u - 4*u - 12 = -2*f, t*u + 12 = 2*f. What is the units digit of f?
6
Suppose 4*z - 38 = 2*z. Let g be (-2)/7 + z/(-7). What is the units digit of ((-1)/g)/((-5)/(-135))?
9
Let p(s) = 3*s - 2. Let d be p(14). What is the tens digit of ((-70)/56)/((-2)/d)?
2
Suppose 8 = 3*t - o, t - 3*o = 4*t. Let s be -1*1 - -1 - -1. What is the units digit of 6 - s - (1 - t)?
6
Let z(j) = 7*j + 2 + 6 - 3 + j**2. Let y be -2 + 8/2 + -9. What is the units digit of z(y)?
5
Let n(g) = 3*g**2 - 23*g - 2. What is the units digit of n(8)?
6
Let l = 44 - 18. Let t = -11 + l. What is the units digit of t?
5
Suppose 4*b = -18 + 2. Let s(y) = -6*y - 3 + 3*y**2 + 3*y**2 - 7*y**2. What is the units digit of s(b)?
5
Let o be 15 - (-9)/(-3) - -1. Let t = 22 - o. What is the units digit of t?
9
Let u(k) = 13*k - 83. What is the units digit of u(16)?
5
Suppose -2*r = -2*w + 14, -r + w = 5*w - 8. Let v(f) = -f**3 + 3*f**2 + 5*f - 6. Let q be v(5). What is the units digit of q/r + 3/12?
8
Suppose -3*w + 10 + 50 = 5*k, 4*k = 3*w - 33. What is the tens digit of w?
1
Let h = -18 + 25. Suppose -5*t + 17 = h. Suppose t = 4*g - 2*g. What is the units digit of g?
1
Suppose -3*x = w - 682, -5*w = 2*x - 3*w - 452. What is the units digit of x?
8
Let z(x) = -3*x + 42. What is the units digit of z(-17)?
3
Let y = -5 - -7. Suppose -a + 2 = -y. What is the units digit of a?
4
Let b(h) = 2*h - 7. Let o(y) = 4*y - 13. Let t(x) = 5*b(x) - 2*o(x). Let z(i) = -i + 9. Let s(f) = 2*t(f) + 3*z(f). What is the units digit of s(-8)?
1
Let r(x) = -3*x - 1. Suppose 0*l + 2 = -s + l, 2*s = 5*l + 5. What is the units digit of r(s)?
4
Let r be -2 + (-1)/1 + 2. What is the units digit of 3 + -2 + r + 34?
4
Let d = 13 - 22. Let y = d + 6. Let b = 2 - y. What is the units digit of b?
5
Let z be (-2)/(-8) - (-4)/(-16). Suppose z = -5*g + 4*a + 33, -3*a - a - 18 = -2*g. Suppose o + 5*x = 20, -g*o + 4 = -5*x - 6. What is the units digit of o?
5
Let b = 4 - 12. Let o(j) = j**2 + 5*j - 2. What is the units digit of o(b)?
2
Suppose p - 3*u + 35 = 2*p, 0 = -4*p + u + 140. What is the units digit of p?
5
Let m(o) = o**2 - 2*o**2 + 2*o - 5 + 0*o + 6*o. What is the units digit of m(6)?
7
Suppose -47*y - 76 = -51*y. What is the units digit of y?
9
Suppose -3*q + 321 = -0*q. What is the tens digit of q?
0
Suppose -14 = -s + 2*k, -2*s + 3*k + 17 = -12. Suppose -2*f + s = -4*v, 6*f - f - v = 4. Suppose f = -5*n - 0*n + 45. What is the units digit of n?
9
Let a be (-30)/(-8) - 2/(-8). Suppose -3*h - 4 + 0 = -z, 39 = 5*z + a*h. What is the units digit of z?
7
Suppose 0 = 3*p - 0*p + 3, 18 = 5*x - 3*p. Let s(q) = q**2 + 3*q - 3. What is the units digit of s(x)?
5
Suppose -3*j + q = -23 + 5, 5*q + 6 = 3*j. Let g(k) be the first derivative of -k**3/3 + 7*k**2/2 + 10*k - 1. What is the units digit of g(j)?
0
Let j be 1 - (-8)/(0 - 1). Let y = j + 13. Let q = y - 2. What is the units digit of q?
4
What is the units digit of (-6)/9 + 83/3?
7
Let l(g) = g**2 - 1. Let m(n) = -n**3 + 6*n**2 - 2. Let v be m(6). Let w be l(v). Suppose 25 = w*a - 8. What is the units digit of a?
1
Let b = -10 - -9. What is the tens digit of -3*(1 + b - 5)?
1
Suppose 0 = -2*h + 2, -4*k + 19 = -2*k + 3*h. What is the units digit of k?
8
Suppose -198 = -4*g + 194. Suppose -g = -5*o + 117. Suppose 0 = 3*m - o - 14. What is the tens digit of m?
1
Suppose -3*f + 8*f - 48 = -4*x, -3*x = 4*f - 37. What is the units digit of x?
7
Suppose 2*z = 136 + 24. Suppose z = 5*v - v. Let n = v - 6. What is the units digit of n?
4
Suppose -11*p + 7*p + 32 = 0. What is the tens digit of (-1 - -19)/(6/p)?
2
Let y(b) = 8*b + 6. What is the units digit of y(9)?
8
Suppose 0*v + 2*v = 26. Suppose 5*z - v = -3*c, -2*z + 3*c + 25 - 3 = 0. Suppose 0*g - 20 = -z*g. What is the units digit of g?
4
Suppose 0 = -3*i + 126 - 33. What is the units digit of i?
1
Let f(h) = -40*h - 1. Let i be f(-1). Suppose -u + o = -10 - 2, -o + i = 2*u. What is the tens digit of u?
1
Let w(y) = 33*y - 1. Let k be w(2). Suppose -5*v = -4*x - k, 5*x + 12 = -v - 4. What is the units digit of v?
9
Let a(h) = -h**3 + 9*h**2 + h + 18. What is the tens digit of a(8)?
9
Suppose 5*l + 17 - 102 = 0. Let a = l + -12. What is the units digit of a?
5
Suppose 4*a - 28 = -5*t, -3*a = -8*a - 4*t + 26. Suppose -a*k + 18 = k. What is the units digit of k?
6
Let q = 7 + -17. Let z = q - -7. Let f = z - -11. What is the units digit of f?
8
Let a(y) = y**2 - 11*y + 12. Let r be a(9). Let b = r + 11. Suppose -b*s + 4 = -d - 7, -s + 7 = d. What is the units digit of d?
4
Suppose -4*w = 12 - 64. What is the tens digit of w?
1
Let a(h) = 3*h**2 + h + 116. What is the tens digit of a(0)?
1
Let t be 4/(((-28)/32)/(-7)). Suppose -5*p + p + t = 0. What is the units digit of p?
8
Let w be (-2)/(-12) + 2/(-12). Suppose w*c - 22 = -c. What is the tens digit of c?
2
Let k be 4*2/4 + 2. Suppose 4*a - 61 = -5*f, 9*a - k*a - 5*f = 20. What is the units digit of a?
9
Let t(l) = l + 10. Let p be t(-8). What is the units digit of 4 - -1 - (p - -1)?
2
Suppose v = -2*v - 18. Let w(y) = -y**3 - 5*y**2 + 5*y + 2. What is the units digit of w(v)?
8
Let l(y) = 3*y**2 - 1. Let g be (4/(-3))/(-4)*-3. Let c be l(g). Suppose -h + c*n - 7 = -4*h, -5*n = 5. What is the units digit of h?
3
Suppose 5*b - 4*g = -2*g - 41, 2*b - 2*g = -20. Let y(u) = -u. Let f(a) = a**2 + 10*a. Let q(t) = -f(t) - 2*y(t). What is the units digit of q(b)?
7
Suppose 0 = 4*m - 122 + 34. Suppose -5*q = -m + 7. What is the tens digit of -1 + q + 18/2?
1
Let c = 10 + -2. Suppose -95 = c*y - 13*y. What is the tens digit of y?
1
Let u(i) = -i**2 + 2. Let q be u(5). Let s = -14 - q. What is the units digit of s?
9
Suppose 10 = 2*a, -3*f + 130 = -3*a + 2*a. What is the units digit of f?
5
Suppose 5*y - 37 = 3*t, 0 = -0*y + 3*y - 4*t - 31. Let g = 25 - y. What is the units digit of g?
0
Let c = -13 + 7. What is the tens digit of ((-204)/24)/(1/c)?
5
Let x(q) be the second derivative of q**3/6 + 2*q**2 - 5*q. Let y(o) = -o**3 + 2*o**2 + 5*o - 2. Let b be y(3). What is the units digit of x(b)?
8
Let z(r) = r**3 - 2*r**2 + 5*r - 1. What is the units digit of z(4)?
1
Let q(d) = d**3 - 16*d**2 + 2*d + 14. Let f be q(16). Suppose -2*a - 4*u = -78, -2*a + 14 + f = -2*u. What is the tens digit of a?
3
Let q = 776 - 445. What is the hundreds digit of q?
3
Let h = -19 - -27. Suppose h = 2*p - 10. What is the units digit of p?
9
Let s(f) = 4*f**2 + 2*f - 6. What is the units digit of s(2)?
4
Let p(l) = 2*l - 4. Let r be p(7). Suppose 0 = 5*q - 0*q. Let k = r - q. What is the units digit of k?
0
Let l be (1 + 0)/(1/7). Let i = -10 + l. Let d = i + 5. What is the units digit of d?
2
Let i be ((-2)/(-3))/((-8)/(-60)). Let y = -5 - -5. Suppose y = i*k - 17 - 23. What is the uni